 = -3*v(x) - 5*z(x). Calculate u(-5).
-12
Let g(d) = d**3 + d + 155 + 5*d + 7*d**2 - 156 + 0*d**3. Calculate g(-6).
-1
Let z(i) = 11 - i - i + 0*i - 2*i. Let g(h) = -2*h + 5. Let w(n) = -9*g(n) + 4*z(n). What is w(-1)?
-3
Let s(z) = -z**2 + 8*z - 7. Let a be s(6). Suppose 5*o + a*m + 0*m = 15, m + 1 = 3*o. Let h(b) = -2*b + 1. Determine h(o).
-1
Let a(q) = -2*q**2 + q + 2. Let s(w) = -w**2 + 1. Let d(y) = -a(y) + 3*s(y). What is d(2)?
-5
Let i(a) = a**2 - a. Suppose -2 = 2*r - n - 12, 2*r + 2*n - 4 = 0. Suppose -2*b = -r*g - 0*g - 4, -5*g = -10. Suppose 0 = 5*t + b - 1. What is i(t)?
2
Let g(h) = 3 - 2 - 4*h - 3*h. Suppose 4*r - 2*y + 42 = 0, 0*r + 5*y = 2*r + 25. Let z = -9 - r. Give g(z).
-6
Let v be (0 - 1) + -1 + -1. Suppose 2*u + 14 = 4*j, -5*j - u - u + 22 = 0. Let l(r) = r**2 - 3*r + r**3 + 6*r + 3*r**2 + j. Give l(v).
4
Let r(i) = -14*i - 20. Let h = 43 + -60. Let f(b) = 5*b + 7. Let n(w) = h*f(w) - 6*r(w). Let l = 4 - 1. Determine n(l).
-2
Let p(b) be the second derivative of -b**5/20 - b**4/4 + b**3/3 + b**2/2 + 6*b. Calculate p(-3).
-5
Let j(x) = -x**3 + x + 1. Let s(q) = -3*q**3 - 4*q - 4. Let m(c) = -5*j(c) - s(c). Let k(g) = -g**2 - g + 29. Let p be k(-6). What is m(p)?
-8
Let u(k) = -k**2 - 9*k - 5. Let n be u(-8). Let x = n - -2. Let c(t) = 3*t**2 + 0*t**3 - 7*t + x*t - 1 - t**3. Calculate c(2).
-1
Let v(c) = 5*c**2 + c + 3. Let f(z) = 16*z**2 + 3*z + 8. Let x(h) = -3*f(h) + 8*v(h). Give x(1).
-9
Let h(t) = t**2 + 5*t - 1. Let a(s) = s - 7. Let l be a(4). Let z be -5 + (-2 + -1)/l. Let j(c) = -c**2 - 4*c - 5. Let i be j(z). What is h(i)?
-1
Suppose -4*a + 0*c + 22 = -2*c, 26 = 5*a - c. Suppose 2 = -a*p + 3*p. Let o(f) = 5*f**3 + f**2. Give o(p).
-4
Let x(a) = a - 4. Let t(g) = -6*g + 6 - 6*g + 10*g. Let o be t(0). Calculate x(o).
2
Let t(r) = -28*r - 6. Let d(i) = 10*i + 2. Let p(a) = -17*d(a) - 6*t(a). Let w be (-4)/(-2)*(-1 - -2). Calculate p(w).
-2
Let q = 0 + 5. Suppose k + 21 = 4*z, -2*k + 5*z - 22 = -q*k. Let h(b) = b**2 - 8 + 2 + 6 + 2*b + 1 - 10*b**3. What is h(k)?
10
Let n(d) = d**2 - 2. Let w = -7 - -10. Determine n(w).
7
Let w(i) = i - 7. Let z = 87 + -87. Determine w(z).
-7
Let q(y) be the first derivative of -y**4/4 - y**3 - y**2/2 + 3*y - 1. Suppose -3*d = 2*d + 15. Calculate q(d).
6
Let r(s) = -s - 2. Let i be r(-4). Let j(c) = 2*c**3 - 2*c**2 - 2*c. What is j(i)?
4
Let g(d) = -d**3 - 6*d**2 - 3*d + 5. Suppose -4*q = 5*s + 41, 4*s - 2*q + 16 = -q. What is g(s)?
-5
Let u(m) be the first derivative of -3*m**2/2 + 7*m + 4. Let l(t) = -t + 3. Let y(a) = -7*l(a) + 3*u(a). Determine y(-2).
4
Let u(p) = -2*p**2 - 7*p**3 + 7*p + 6*p**2 + p**2. Let s(k) = -8*k**3 + 5*k**2 + 7*k. Let c(q) = -6*s(q) + 7*u(q). Calculate c(6).
6
Let x(z) = -7*z**3 - 9*z**2 - 11*z - 23. Let m(d) = 3*d**3 + 5*d**2 + 6*d + 11. Let j(w) = 5*m(w) + 2*x(w). What is j(-6)?
-3
Let p = 146 - 157. Let g(r) = r**3 + 11*r**2 + r + 5. Calculate g(p).
-6
Let z(n) be the first derivative of 2*n**2 - 2 - 7*n + 1/3*n**3. Give z(-5).
-2
Let v be 1/3 + (-4)/(-6). Let y(p) = -p**2 + 8*p**2 - v + 2*p**2. What is y(-1)?
8
Let r(h) = h - 1. Suppose 2*u + 1 = q, 5*u - 6 = 2*u. Determine r(q).
4
Let c(t) be the third derivative of 0 - 1/15*t**6 + 0*t + 0*t**4 + 3*t**2 + 1/60*t**5 - 1/6*t**3. Give c(-1).
8
Let s(c) be the third derivative of c**7/5040 - c**6/360 + c**5/60 + 6*c**2. Let a(d) be the third derivative of s(d). Calculate a(6).
4
Let i be 0*(4/8 - 1). Let s(j) = -j - 4. What is s(i)?
-4
Let h(q) be the first derivative of -8*q**3/3 - q - 7. Determine h(1).
-9
Let u(w) be the first derivative of 3*w**2/2 - 2*w - 6. Give u(3).
7
Suppose 0 = -3*o + 5*u - 4 - 4, -2*o - u - 1 = 0. Suppose -j - 23 = 5*p, 40 = 5*j - 4*p + 10. Let q(a) = 2 + 3*a**2 - j. What is q(o)?
3
Let u be (-2)/5*(-3 + -2). Let y(w) = -16*w**u + 5 + 17*w**2 - 9 + w - 6. What is y(0)?
-10
Suppose -39 = -5*i + l, 2*i - 4*l - 34 = l. Let x = -12 + i. Let k(h) = h**3 + 4*h**2 - 4*h - 3. Give k(x).
-8
Suppose -3*m + 5 = -10. Let s(h) = -h**2 + 8*h - 1. Calculate s(m).
14
Let s(i) = i + 3. Suppose 24 + 4 = -4*f + 5*o, -3*o = -4*f - 20. Let w be f - (0 - 0)/1. What is s(w)?
1
Let q(i) = -4*i + i**2 - 5 - 2*i - 1 + 2*i. Calculate q(5).
-1
Let r(l) = -l + 4. Let o be r(-4). Suppose -3*u = -5*f + o, 0 = 2*u - u + f. Let p(n) be the second derivative of 2*n**3/3 - n**2/2 - 4*n. Determine p(u).
-5
Let q be (4/(-14))/((-4)/28). Let b(c) be the third derivative of 1/3*c**3 + 0 + 0*c - 1/15*c**5 - 1/120*c**6 + 1/24*c**4 + c**q. Give b(-4).
-2
Let c(h) = 7*h**3 - 1 - 1 + 1. What is c(1)?
6
Let m(t) = -t**2 + 2*t + 1. Suppose -g + 0 = -2. Suppose -g*u + 6 = 2. Suppose -3*w + 4*w + u = 0. Give m(w).
-7
Let b = -7 - -10. Let v(t) = 4*t - 9. Suppose z - 45 = -4*z. Let m(q) = q - 2. Let d(x) = z*m(x) - 2*v(x). Determine d(b).
3
Let a be 0 + -1 - -5 - -1. Let d(g) be the third derivative of g**2 - 1/24*g**4 + 0*g - 1/6*g**3 + 0. Determine d(a).
-6
Let t(x) = x**3 - 2*x**2. Suppose -l - 3*l = -4. Let d = l - -1. What is t(d)?
0
Let l(j) = -2*j + 4. Suppose 0 = 4*k + 4*v, -3*v = 5*k + 1 - 11. Suppose 3*i + 5 = 4*a, -4*a + 7 = -2*a - 3*i. Let u = k + a. What is l(u)?
-4
Let a(i) = 1 - 9*i**2 + 2*i**3 - 8 - 4 - i**3 + 8*i. Give a(8).
-11
Let v(h) = -h. Let i be ((-3)/6)/(3/(-24)). Suppose -5*m - 10 = 0, 4*t = -2*m + 5*m + 18. Let l = i - t. Determine v(l).
-1
Suppose -2*k - 8 = -6*k. Let t be (-9 - -3)*(k - 3). Let x(h) = h**3 - 5*h**2 - 4*h - 8. Calculate x(t).
4
Let d(f) = -3*f + 3. Let g(v) = 3*v - 3. Let h(c) = 7*d(c) + 6*g(c). What is h(2)?
-3
Let d be (-18)/16 - -1 - 729/(-72). Let v(m) = m**2 - 9*m + 2. What is v(d)?
12
Let b be (-1 - -4)/(-7 - -8). Suppose -5*h + 0 + b = -2*m, 5*h - 5*m - 15 = 0. Let j(o) = 5*o**2. Determine j(h).
5
Let k(x) be the third derivative of 5*x**4/24 - 13*x**2. What is k(1)?
5
Suppose -3*w + 20 = 5. Let f = 2 - 0. Let d(p) = -4*p**f - p**3 - 4 - 5*p + 10*p**2 + 8. Give d(w).
4
Suppose -b - 22 = -3*q, -2*q = -0 - 8. Let h = 14 + b. Suppose -h*v + 3*y + 16 = -2*y, -y + 4 = v. Let p(r) = -r - 1. What is p(v)?
-5
Let m(w) = w + 1. Let y(g) = -3*g - 2. Let z(f) = 8*m(f) + 3*y(f). Calculate z(3).
-1
Suppose -3*o + 11 = 2. Let a(i) = 2*i - 1. Let f be a(o). Suppose 0 = 4*u - 0*u + 3*w + 15, -4*u + w + f = 0. Let x(v) = v**2 - 3. What is x(u)?
-3
Let r = -20 - -23. Let o(d) be the second derivative of 2*d + 1/2*d**2 + d**r + 0. Determine o(-1).
-5
Let a(m) = -m**3 - 7*m**2 - 6*m - 5. Suppose 4*b = 4 + 4. Suppose b*r + 13 = 1. Give a(r).
-5
Let y(s) = 7*s**3 - s**2 + 13*s + 1. Let x(d) = 3*d**3 + 6*d. Let c(z) = 9*x(z) - 4*y(z). Give c(4).
4
Let n be 81/18*(-2)/(-3). Let i(q) = 2*q**2 - 1 - q**n + 3 + 1 + q - 2. Suppose -v = 2*v - 2*p + 1, -p = 2*v - 11. What is i(v)?
-5
Let k = 13 + -9. Let p be 0/(-3) + -1 + k. Suppose -f = -p + 1. Let q(l) = l**3 - 3*l**2 - 2*l + 2. What is q(f)?
-6
Let u(t) = 0*t + 3*t - 1 - t - t + t**2. Suppose 2*j - 6*j - 20 = -5*q, 0 = -3*q + 3*j + 15. Let v be 3 + (q - (0 + 1)). Give u(v).
5
Let x(l) = -l**2 + 6*l - 1. Let t = 1 - -4. Give x(t).
4
Let f(r) = r - 19. Let w be 94/7 - (-3)/(-7). Let v be f(w). Let i(p) = -p**3 - 7*p**2 - 4*p + 7. Calculate i(v).
-5
Let v(s) = s + 3. Let k be v(0). Let a(u) = 4*u + u**2 + k + u**2 + 2 + u**3 + 3*u**2. Calculate a(-4).
5
Let v(c) be the third derivative of 0*c**3 + 3*c**2 + 0 - 1/2*c**4 + 0*c. Give v(-1).
12
Suppose -z + 2 = 10. Let p = 3 + z. Let v(y) = y**2 + 7*y + 7. What is v(p)?
-3
Let k(t) be the third derivative of -1/24*t**4 + t**2 - 1/6*t**3 + 0 + 0*t. Suppose 12 = -4*o + 2*l, 4*l = l. Determine k(o).
2
Let p(y) = -2*y**3 - 2*y**3 - 6 + 1 - y**2 + 0*y**2. Let z(n) = 7*n**3 + 3*n**2 + 10. Let v(s) = 5*p(s) + 3*z(s). Suppose 4*k + 4 = -12. Calculate v(k).
5
Let j(o) = -3*o**3 + o**2 + o - 5. Let b(n) = n**3 + n**2 + 1. Let k(t) = -2*b(t) - j(t). Determine k(3).
0
Let g(s) be the first derivative of s**4/4 + 5*s**3/3 + 5*s**2/2 - 4*s + 7. Determine g(-4).
-8
Let y(c) = -c**3 - 6*c**2 - 5*c + 1. Suppose 10 = n - 5*k, 5*n + 14 = 2*k - 5. What is y(n)?
1
Let p = -17 + 18. Let s(q) = -2*q - 1. What is s(p)?
-3
Let h(r) = -14*r**3 + 2*r - 1. Let t(l) = -l**2 - 7*l + 19. Let o be t(-9). Calculate h(o).
-13
Let q(c) = 3*c**2 + 22*c + 25. Let m(l) = l**2 + 7*l + 8. Let x(r) = -7*m(r) + 2*q(r). Calculate x(-7).
-20
Let 